st common factor of 12559 and 418.
19
What is the highest common factor of 393457 and 509?
509
Calculate the highest common divisor of 42 and 740887.
7
Calculate the highest common divisor of 6 and 5898.
6
What is the greatest common factor of 12089662 and 38?
38
What is the highest common factor of 173166 and 19530?
1302
Calculate the greatest common divisor of 37782 and 45.
9
Calculate the greatest common divisor of 4384 and 40.
8
Calculate the greatest common factor of 1625 and 20875.
125
Calculate the greatest common factor of 4085 and 344.
43
Calculate the highest common factor of 40669 and 335.
67
What is the greatest common divisor of 174162 and 48?
6
What is the greatest common factor of 98285 and 55?
55
Calculate the highest common factor of 217 and 239568.
217
Calculate the highest common factor of 344 and 28136.
8
What is the greatest common factor of 117066 and 5559?
327
Calculate the highest common divisor of 6762 and 103247.
23
What is the greatest common factor of 141145 and 5?
5
What is the highest common divisor of 1452 and 852?
12
What is the highest common divisor of 48681 and 4808?
601
What is the highest common divisor of 105 and 660?
15
What is the greatest common divisor of 11946 and 15774?
66
What is the highest common divisor of 210 and 464670?
30
What is the greatest common factor of 464 and 10991?
29
Calculate the greatest common divisor of 39688 and 312092.
1804
Calculate the greatest common divisor of 2400043 and 17.
17
Calculate the highest common divisor of 4323 and 132.
33
Calculate the greatest common divisor of 312816 and 28272.
912
Calculate the greatest common factor of 48 and 388536.
24
What is the greatest common divisor of 448 and 149120?
64
What is the greatest common factor of 1344 and 299208?
168
Calculate the greatest common factor of 1590 and 5970.
30
Calculate the highest common divisor of 450754 and 1312.
82
Calculate the highest common factor of 1665058 and 358.
358
Calculate the greatest common factor of 5673 and 23529.
93
What is the greatest common divisor of 252 and 76482?
126
Calculate the greatest common divisor of 372 and 5388.
12
Calculate the highest common divisor of 100896 and 5255.
1051
Calculate the highest common divisor of 3000 and 8475.
75
What is the greatest common factor of 2322 and 7803?
27
What is the highest common divisor of 50 and 19575?
25
Calculate the greatest common factor of 48 and 6612.
12
What is the highest common factor of 17 and 71723?
17
What is the highest common factor of 5364 and 84?
12
What is the highest common factor of 24970 and 60?
10
Calculate the highest common divisor of 94 and 173806.
94
What is the greatest common divisor of 21783 and 46854?
411
What is the greatest common divisor of 592 and 6142?
74
What is the highest common divisor of 26 and 613132?
26
What is the highest common divisor of 134703 and 103106?
1663
What is the greatest common factor of 321 and 35417?
107
What is the highest common divisor of 2520 and 66080?
280
Calculate the highest common divisor of 8460 and 1504.
188
What is the greatest common factor of 2863 and 119?
7
Calculate the highest common factor of 185442 and 1581.
93
What is the greatest common divisor of 680 and 2635?
85
Calculate the greatest common factor of 594540 and 3240.
1620
Calculate the highest common factor of 2268 and 11988.
324
Calculate the highest common divisor of 109343 and 1859.
169
Calculate the highest common divisor of 5548 and 93271.
19
Calculate the highest common factor of 16068951 and 9.
9
Calculate the highest common factor of 320 and 840.
40
Calculate the highest common factor of 977860 and 780.
260
What is the greatest common factor of 460 and 299020?
20
Calculate the highest common divisor of 4446052 and 1352.
676
Calculate the greatest common divisor of 896 and 11744.
32
What is the highest common factor of 9708 and 1248?
12
Calculate the greatest common factor of 1600 and 423664.
16
What is the highest common factor of 7719 and 341?
31
What is the highest common factor of 42297 and 7383?
69
Calculate the greatest common factor of 222 and 3663.
111
Calculate the highest common factor of 521513 and 341.
31
Calculate the highest common factor of 27467 and 908.
227
Calculate the highest common factor of 16696 and 8.
8
Calculate the greatest common factor of 2923 and 4181.
37
What is the greatest common factor of 4850271 and 129?
129
Calculate the highest common factor of 3396 and 36.
12
What is the highest common factor of 3507 and 7203?
21
What is the greatest common divisor of 19359 and 31309?
239
What is the highest common divisor of 19014 and 12?
6
Calculate the highest common divisor of 275 and 31361.
11
What is the greatest common factor of 3152 and 180452?
788
What is the highest common factor of 101760 and 6912?
384
What is the highest common factor of 191926 and 98?
14
What is the greatest common divisor of 526628 and 274?
274
What is the highest common divisor of 336 and 6060?
12
What is the highest common divisor of 85492 and 3190?
638
What is the greatest common factor of 2296 and 308?
28
What is the highest common factor of 170068 and 9512?
164
What is the greatest common factor of 1372 and 29344?
28
What is the highest common factor of 25249 and 35?
7
What is the greatest common factor of 1069582 and 946?
86
What is the greatest common divisor of 180 and 1220?
20
What is the greatest common factor of 62286 and 56?
14
Calculate the greatest common factor of 594824 and 8.
8
What is the greatest common factor of 11 and 534314?
11
Calculate the greatest common factor of 1248 and 147927.
39
Calculate the highest common factor of 371 and 51516.
53
What is the highest common factor of 183909 and 66?
33
Calculate the greatest common factor of 133083 and 13113.
279
Calculate the highest common divisor of 230115 and 1334.
667
Calculate the greatest common divisor of 483 and 154491.
69
What is the highest common factor of 16 and 244704?
16
Calculate the highest common factor of 1211 and 346.
173
Calculate the greatest common divisor of 121887 and 3736.
467
Calculate the highest common divisor of 4472 and 980744.
344
What is the highest common factor of 64 and 153392?
16
What is the greatest common factor of 714 and 1974?
42
What is the greatest common divisor of 10416 and 2046?
186
What is the greatest common divisor of 17740 and 180?
20
What is the greatest common factor of 298 and 308877?
149
Calculate the greatest common factor of 179 and 15036.
179
Calculate the greatest common factor of 4432 and 13488.
16
Calculate the highest common divisor of 53872 and 7.
7
What is the greatest common factor of 584219 and 453?
151
What is the highest common divisor of 76613 and 161?
23
Calculate the highest common divisor of 233646 and 294.
42
Calculate the highest common divisor of 695 and 10981.
139
What is the highest common divisor of 336 and 160464?
48
Calculate the greatest common divisor of 57 and 60553.
19
Calculate the highest common factor of 7076 and 5002.
122
Calculate the greatest common divisor of 336 and 14336.
112
Calculate the greatest common factor of 166680 and 180.
180
What is the highest common factor of 53409 and 114?
57
Calculate the greatest common divisor of 75242 and 34.
34
What is the greatest common factor of 615 and 930?
15
What is the highest common factor of 4214 and 1407?
7
What is the highest common divisor of 195664 and 32?
16
Calculate the highest common divisor of 26 and 93418.
26
Calculate the highest common factor of 289 and 35258.
289
What is the greatest common divisor of 64 and 135104?
64
What is the greatest common factor of 57663 and 1677?
129
What is the greatest common divisor of 220 and 901120?
220
What is the greatest common factor of 12 and 6774?
6
Calculate the highest common divisor of 14115 and 6195.
15
Calculate the greatest common factor of 35 and 125069.
7
Calculate the highest common divisor of 49968 and 3.
3
What is the highest common factor of 256958 and 52?
26
What is the highest common factor of 20 and 552710?
10
What is the highest common factor of 219328 and 24?
8
What is the highest common divisor of 900060 and 420?
420
Calculate the highest common divisor of 17 and 11787.
1
Calculate the greatest common divisor of 246 and 1399002.
24